at is -13121 + -1?
-13122
In base 7, what is 352313 - 44?
352236
In base 6, what is -10241 - 2314?
-12555
In base 16, what is -19057 - -5?
-19052
In base 8, what is 101115 - -11?
101126
In base 11, what is -221 + -a14?
-1135
In base 2, what is -101100010101111 - 0?
-101100010101111
In base 3, what is -202100 + 20111?
-111212
In base 15, what is -11dd5 + -4?
-11dd9
In base 2, what is 10110011 - -10?
10110101
In base 8, what is 14310 - -241?
14551
In base 12, what is -58b00 - -32?
-58a8a
In base 6, what is 455213 + -5?
455204
In base 10, what is -207 + 140?
-67
In base 3, what is -212011220001 + -1?
-212011220002
In base 8, what is 233267 + -2?
233265
In base 8, what is 3 + -25506?
-25503
In base 8, what is -2 + -154372?
-154374
In base 11, what is 11502 - -16?
11518
In base 4, what is 2 + 11322023?
11322031
In base 7, what is -5 + -505010?
-505015
In base 11, what is -9742 + -1?
-9743
In base 15, what is -16b96 - -26?
-16b70
In base 8, what is 672 + -6?
664
In base 9, what is -5 - 37761?
-37766
In base 7, what is -111463 - 113?
-111606
In base 14, what is 2 + a4bc?
a4c0
In base 5, what is -10 + -13030003?
-13030013
In base 4, what is -3031 - -2311011?
2301320
In base 12, what is b7 + -a7?
10
In base 10, what is -8078 + -34?
-8112
In base 12, what is -510b - 3?
-5112
In base 16, what is 58 + 29?
81
In base 2, what is 101 - -10101110110100111?
10101110110101100
In base 6, what is 5 + -3132013?
-3132004
In base 14, what is 13041 - 4?
1303b
In base 5, what is 3233 - 4434?
-1201
In base 11, what is 4 + 82542?
82546
In base 15, what is -7e - -102?
73
In base 9, what is 2 + 16167?
16170
In base 9, what is -1 + 50016?
50015
In base 7, what is -15143 - -21?
-15122
In base 14, what is 1 + -3a89?
-3a88
In base 15, what is -3612 - -214?
-33ed
In base 12, what is -7a4 - 25b1?
-3195
In base 13, what is 4 + 200691?
200695
In base 16, what is -77 + 93?
1c
In base 3, what is 222211222 - -1?
222212000
In base 14, what is -9 - 9?
-14
In base 9, what is -24 - -211?
176
In base 13, what is 6 - a937?
-a931
In base 11, what is 46 + -463?
-418
In base 13, what is -6bb + -1402?
-1ac0
In base 15, what is -ee + 41d?
31e
In base 8, what is -206057 - -3?
-206054
In base 10, what is 922 + -779?
143
In base 6, what is -2050515 - 3?
-2050522
In base 5, what is 2 + -234333?
-234331
In base 4, what is 11 + -1011033333?
-1011033322
In base 5, what is 11421024 + -13?
11421011
In base 8, what is -52704 - -2?
-52702
In base 5, what is 3 + 4012411?
4012414
In base 13, what is a + 17971?
1797b
In base 3, what is 101202021 + -211?
101201110
In base 13, what is 4 + 187442?
187446
In base 4, what is -133322311 + -3?
-133322320
In base 14, what is 26a12c + 4?
26a132
In base 7, what is -2326 + 126?
-2200
In base 7, what is -1120 - 561?
-2011
In base 3, what is 1011 - -112202112?
112210200
In base 10, what is -4 + 1267019?
1267015
In base 4, what is -32221 + -31311?
-130132
In base 12, what is 3002b4 - -5?
3002b9
In base 9, what is -481 + -5305?
-5786
In base 5, what is -1332024 + -110?
-1332134
In base 2, what is 11 - -110011111111101101?
110011111111110000
In base 2, what is -10010 - -1110101010101?
1110101000011
In base 2, what is 1101101010110010 + 1111?
1101101011000001
In base 11, what is -715a7 - 12?
-71609
In base 7, what is 22363 + 224?
22620
In base 16, what is 947 + -7d?
8ca
In base 8, what is -230714 - -5?
-230707
In base 16, what is c - 1439?
-142d
In base 15, what is -68 - 552?
-5ba
In base 15, what is -5 + -3012?
-3017
In base 8, what is -5 - -16246?
16241
In base 13, what is 38 + -1c84?
-1c49
In base 3, what is 12 + 112120222?
112121011
In base 12, what is -5 - 236638?
-236641
In base 15, what is 315 + 70?
385
In base 14, what is 5 - 27483?
-2747c
In base 14, what is -177 - -812?
679
In base 12, what is -34 - 6969?
-69a1
In base 12, what is 175a - 121?
1639
In base 10, what is 43 + 6296?
6339
In base 8, what is -11460334 + -1?
-11460335
In base 3, what is 122 - 100112202?
-100112010
In base 4, what is 32110 + -3221?
22223
In base 13, what is -24 + 58?
34
In base 7, what is -2243511 - 2?
-2243513
In base 11, what is -2 + 17693?
17691
In base 6, what is 14 - 134353?
-134335
In base 9, what is -7 + -1277474?
-1277482
In base 3, what is -1201000121 + 0?
-1201000121
In base 8, what is 13310771 - -3?
13310774
In base 14, what is 37082b - -2?
37082d
In base 12, what is -2ab40a - 4?
-2ab412
In base 9, what is 177668 - 5?
177663
In base 7, what is -45 - -4302?
4224
In base 8, what is 560077 + 1?
560100
In base 13, what is 158069 - 5?
158064
In base 6, what is 12 - 423340?
-423324
In base 15, what is 4 + -304b?
-3047
In base 14, what is 57 - 78?
-21
In base 15, what is 49 - -35b?
3a5
In base 4, what is -22013201 - -3?
-22013132
In base 15, what is 27b66b - 3?
27b668
In base 4, what is 1123 + -301113?
-233330
In base 4, what is -213111230 + -12?
-213111302
In base 12, what is -1a + -10b35?
-10b53
In base 4, what is -21121 + -23103?
-110230
In base 12, what is 2aa44a + -1?
2aa449
In base 5, what is 2142 - -23130?
30322
In base 11, what is a + 108601?
108610
In base 4, what is -211233 + 1213?
-210020
In base 3, what is -22 + 12110021?
12102222
In base 11, what is 1422 - -309?
1730
In base 5, what is 10 - -40234?
40244
In base 11, what is -5 - -43231?
43227
In base 8, what is 103512 - -5?
103517
In base 7, what is -10623220 - 4?
-10623224
In base 13, what is 167c8a - 5?
167c85
In base 11, what is -4 + -7882?
-7886
In base 14, what is 4b - -cc54?
cca1
In base 8, what is 112 - -2751?
3063
In base 15, what is 2aa - -8?
2b3
In base 10, what is 8 - -4301?
4309
In base 8, what is -10 + -15365?
-15375
In base 12, what is -8 - 4372?
-437a
In base 15, what is 1110 - 27?
10d8
In base 5, what is -1 + 23011404?
23011403
In base 10, what is -663 - 826?
-1489
In base 14, what is -444 - c2?
-526
In base 4, what is 2 - -3013010?
3013012
In base 2, what is 100 - -111100111001011?
111100111001111
In base 3, what is 2202 + -10110212?
-10101010
In base 2, what is 10001011 - 1011111101?
-1001110010
In base 10, what is -3 + -283364?
-283367
In base 6, what is -32413 + 1541?
-30432
In base 2, what is -1011101100011111 + -100?
-1011101100100011
In base 16, what is -191 + -2?
-193
In base 9, what is -2 + 304177?
304175
In base 7, what is -5024563 + -4?
-5024600
In base 3, what is -2 + 1120212?
1120210
In base 6, what is 114455 - 3?
114452
In base 3, what is 2020210020 - -11?
2020210101
In base 2, what is 11000110 + 11001011011111?
11001110100101
In base 14, what is -3dd5b - 0?
-3dd5b
In base 13, what is 5 - 264ab?
-264a6
In base 4, what is -3103 + -100?
-3203
In base 11, what is -28499 + -5?
-284a3
In base 16, what is 134357 - 5?
134352
In base 13, what is -591 - -27?
-567
In base 8, what is 6105 - 401?
5504
In base 10, what is 53 + 258?
311
In base 5, what is 104342 - -1032?
110424
In base 14, what is -48a1c - 3?
-48a21
In base 6, what is 3413 + 2332?
10145
In base 13, what is b6c + 6c9?
1568
In base 11, what is 4 + -19290?
-19287
In base 6, what is 11 + 335?
350
In base 9, what is -5 + 11477?
11472
In base 2, what is 11101 - -1101001?
10000110
In base 3, what is -2 + -2121110112?
-2121110121
In base 12, what is 103982 + 1?
103983
In base 5, what is -1 - -11401?
11400
In base 15, what is -1 + ac5?
ac4
In base 3, what is -2 - 100222101?
-100222110
In base 6, what is -41 - 145?
-230
In base 10, what is 432440 + 4?
432444
In base 11, what is 6665a - -1?
66660
In base 9, what is -26326 - -2?
-26324
In base 14, what is 1 + -cc55?
-cc54
In base 16, what is 1626 - 11?
1615
In base 8, what is 1166 - -106?
1274
In base 10, what is 3269 + -7?
3262
In base 14, what is -c1564 + 3?
-c1561
In base 6, what is -141 - 150545?
-151130
In base 3, what is 20112021 + 12102?
20201200
In base 9, what is -4 - 46337?
-46342
In base 11, what is 1856 - 10?
1846
In base 11, what is -112 + 9829?
9717
In base 9, what is -1 + 78124?
78123
In base 11, what is -103614 - 0?
-103614
In base 3, what is 12010012 - 10010?
12000002
In base 2, what is -10010010010 - -1111101?
-10000010101
In base 4, what is -112 - -200?
22
In base 12, what is -9a1153 - 4?
-9a1157
In base 10, what is 2 + -50175?
-50173
In base 2, what is 110110011101110001 - -1?
110110011101110010
In base 13, what is 16a - 2a7?
-13a
In base 2, what is -110 - 10101100000010010?
-1